 -a?
a8
In base 3, what is 20201220 - -121?
20202111
In base 10, what is 3 - 85113?
-85110
In base 3, what is -10221100021 + -22?
-10221100120
In base 15, what is -5b737 - 5?
-5b73c
In base 2, what is -1100000111 + -11111101?
-10000000100
In base 2, what is 1000001 - 110111001000?
-110110000111
In base 2, what is -110 - -101001011010?
101001010100
In base 3, what is 10022000 - 12122?
10002101
In base 3, what is -2120 - 221010110?
-221020000
In base 6, what is -12331 + 43?
-12244
In base 12, what is -8 + 2649?
2641
In base 16, what is -131 + -19?
-14a
In base 14, what is -8b + d50?
ca3
In base 12, what is -2b6 - -a3?
-213
In base 9, what is 1401571 + -1?
1401570
In base 9, what is -142583 + 35?
-142547
In base 14, what is c6c1 - -c?
c6cd
In base 3, what is -1 - 122112102210?
-122112102211
In base 15, what is 7b3a - 5?
7b35
In base 14, what is -1136 + 6c8?
-84c
In base 7, what is -1004 + 13?
-661
In base 9, what is 36 + -706?
-660
In base 8, what is 3506 - 31?
3455
In base 4, what is -22223130 + -10?
-22223200
In base 13, what is -313 - 27?
-33a
In base 5, what is 144230443 - 1?
144230442
In base 15, what is 3bd - 28?
395
In base 4, what is 101 - -3203221?
3203322
In base 2, what is -101000010 - 111111001111?
-1000100010001
In base 13, what is 120818 - -4?
12081c
In base 5, what is 14001 + 3422?
22423
In base 16, what is 132ba + -1?
132b9
In base 13, what is 0 - -a893?
a893
In base 5, what is 1112 + 2310?
3422
In base 13, what is -391 + 28?
-366
In base 14, what is 990 + 15?
9a5
In base 16, what is -27 + -20?
-47
In base 2, what is -10010100001000 + 1110101?
-10010010010011
In base 11, what is -30151 - 4?
-30155
In base 3, what is -211 - -1202012?
1201101
In base 16, what is 189 + -1b3f?
-19b6
In base 12, what is 2218 + -147?
2091
In base 16, what is e85b5 - 3?
e85b2
In base 2, what is 1111010101011 - -111111?
1111011101010
In base 16, what is 7f1c - -e?
7f2a
In base 5, what is -3034 + -3330?
-11414
In base 10, what is 437 - -52?
489
In base 13, what is -4 + -30315?
-30319
In base 12, what is -4 + 29926?
29922
In base 2, what is 10000011100001011011010 + 11?
10000011100001011011101
In base 16, what is 5 - -23ad?
23b2
In base 4, what is -10 - -10023222230?
10023222220
In base 5, what is -12423 + -2340?
-20313
In base 15, what is 5 - -8424?
8429
In base 4, what is 311 + -1021?
-110
In base 3, what is -120120212 + 100112?
-120020100
In base 6, what is -3 - 4225332?
-4225335
In base 9, what is -4101 + -4?
-4105
In base 5, what is 13 + 234?
302
In base 14, what is 38a48 - -1?
38a49
In base 13, what is 5b - -122b?
1289
In base 5, what is 232120 - 23?
232042
In base 8, what is -1 + 217520?
217517
In base 11, what is -1 + a504?
a503
In base 15, what is 6 - 161?
-15a
In base 6, what is -2 - 1121051?
-1121053
In base 16, what is -519 + -4e?
-567
In base 16, what is a + 40997?
409a1
In base 9, what is 2 - -1464384?
1464386
In base 15, what is 12 - 3301?
-32de
In base 15, what is -6 - -b9e3?
b9dc
In base 16, what is 6583 - 3?
6580
In base 5, what is 3013 + 101?
3114
In base 16, what is -4859 + 4?
-4855
In base 8, what is -1005413 + -5?
-1005420
In base 6, what is -1123 - -120?
-1003
In base 2, what is 111101100010001 + -111?
111101100001010
In base 16, what is 11 + -13e?
-12d
In base 13, what is -450 + 51?
-3cc
In base 10, what is 185 - -602?
787
In base 12, what is -9 - 12025?
-12032
In base 7, what is -2 - -40663?
40661
In base 3, what is -1020210 - -2011?
-1011122
In base 5, what is -331 - -4444?
4113
In base 11, what is 2 - 15a4a2?
-15a4a0
In base 16, what is -31a - -5?
-315
In base 16, what is 7f6 - -7b?
871
In base 10, what is 211664 - -1?
211665
In base 10, what is -737 - 5?
-742
In base 16, what is -34 - 4b?
-7f
In base 10, what is 1 - 12370?
-12369
In base 6, what is -2052 - 2?
-2054
In base 9, what is -37824 - 2?
-37826
In base 4, what is -2022113 - -13?
-2022100
In base 13, what is 5 - 1a4ab1?
-1a4aa9
In base 12, what is -27a85 + 1?
-27a84
In base 7, what is -531464 + 3?
-531461
In base 16, what is 4510 - 0?
4510
In base 9, what is 17 + -650?
-632
In base 15, what is -5 + -89a3b?
-89a41
In base 6, what is 30414 - 53?
30321
In base 13, what is 7a7 - -5?
7ac
In base 3, what is -1201120122 + -2?
-1201120201
In base 12, what is 6 - ab44?
-ab3a
In base 16, what is 4 + 3642a?
3642e
In base 11, what is -133a93 + 9?
-133a85
In base 5, what is 10122 + 10142?
20314
In base 3, what is 1011222022 + -11?
1011222011
In base 7, what is 4 - -4632?
4636
In base 13, what is 5 + 142a9?
142b1
In base 10, what is 2 + 210199?
210201
In base 15, what is 21334 + -1?
21333
In base 8, what is -1 - -2211?
2210
In base 6, what is 4255 - -3135?
11434
In base 8, what is -3462 - -103?
-3357
In base 6, what is -10 - 52220?
-52230
In base 4, what is 32033 + 2210?
100303
In base 9, what is -4 - 67725?
-67730
In base 3, what is -121120211 - -11?
-121120200
In base 6, what is 0 - -55041?
55041
In base 9, what is -3 + 218323?
218320
In base 9, what is 442 + -57?
374
In base 12, what is -74 - 2965?
-2a19
In base 12, what is -9 - -16ba9?
16ba0
In base 11, what is 1 - 37760?
-3775a
In base 7, what is -11 + -245403?
-245414
In base 12, what is 8 + 64743?
6474b
In base 7, what is 304656 + -1?
304655
In base 3, what is 1 - 21122121?
-21122120
In base 9, what is -223 - 25?
-248
In base 15, what is 1a + -9112?
-90e7
In base 13, what is a5a9 - 1?
a5a8
In base 6, what is -453124 + 11?
-453113
In base 5, what is -30240443 + 3?
-30240440
In base 9, what is -23010 - -154?
-22745
In base 3, what is -10001 - -222111?
212110
In base 9, what is 37 - -151820?
151857
In base 10, what is -5913 + 21?
-5892
In base 13, what is b1364 - 5?
b135c
In base 7, what is -1065120 + 2?
-1065115
In base 15, what is -18a72 - 7?
-18a79
In base 2, what is -1000110 + -1011000?
-10011110
In base 2, what is 11 - 11101011111111100?
-11101011111111001
In base 10, what is 639676 - -4?
639680
In base 11, what is -1 + 9470a?
94709
In base 4, what is -2002001 + -1003?
-2003010
In base 16, what is -8 + eb3?
eab
In base 2, what is -1110 + 11011100111?
11011011001
In base 10, what is 176 + -72?
104
In base 9, what is 160 - -3?
163
In base 5, what is -4 - 3323403?
-3323412
In base 8, what is 3 - 33406?
-33403
In base 12, what is 1217 - 7?
1210
In base 5, what is -2304112 - 114?
-2304231
In base 15, what is b - 235c3?
-235b7
In base 6, what is 530 - -11134?
12104
In base 12, what is 17182 + 3?
17185
In base 4, what is -133022 - -1033?
-131323
In base 10, what is 495 - -1772?
2267
In base 2, what is -100100001100 - -10110010?
-100001011010
In base 9, what is 1413 + 211?
1624
In base 7, what is 13452 + -23?
13426
In base 7, what is 21 - -60053?
60104
In base 6, what is 1512 + -12151?
-10235
In base 4, what is 1232 + -1033212?
-1031320
In base 4, what is -22 - 1002312?
-1003000
In base 8, what is 27 - 260355?
-260326
In base 6, what is 11303 - -11510?
23213
In base 10, what is 708 + -14?
694
In base 2, what is -11011 - -1010011001110111?
1010011001011100
In base 11, what is -3656 + 8?
-3649
In base 7, what is 4 + 2051234?
2051241
In base 15, what is 3 + -242ad9?
-242ad6
In base 8, what is -156743 + 21?
-156722
In base 6, what is 1112242 + 4?
1112250
In base 3, what is 20111 - -102102102?
102122220
In base 12, what is 20b + 149?
358
In base 13, what is -1311 + -7?
-1318
In base 5, what is -4132441 + 114?
-4132322
In base 3, what is 201102022 + 2?
201102101
In base 7, what is -44 + 4243?
4166
In base 14, what is 920 + 2?
922
In base 3, what is -1020112020 + -11?
-1020112101
In base 7, what is 34 - -5?
42
In base 9, what is 53 - 10223?
-10160
In base 2, what is -10101 + 1001001011111001?
1001001011100100
In base 4, what is 12 - -21303322?
21310000
In base 7, what is 2236005 - 2?
2236003
In base 8, what is -45366 + -4?
-45372
In base 10, what is 56 - 10462?
-10406
In base 9, what is -5 + -10765?
-10771
In base 14, what is 199d5 - -15?
19a0a
In base 5, what is 420000403 + -2?
420000401
In base 3, what is -1 - -2002001101?
2002001100
In base 8, what is 33 + 126354?
126407
In base 2, what is -100 + -100000010000001?
-100000010000101
In base 3, what is -2111 - -22002?
12121
In base 13, what is ac - -117?
1c6
In base 13, what is b - -9c4?
a02
In base 13, what is -299308 - -2?
-299306
In base 8, what is 5 - -10216?
10223
In base 8, what is